{"id":5761,"date":"2022-10-18T22:12:47","date_gmt":"2022-10-18T22:12:47","guid":{"rendered":"https:\/\/graficaartealegria.com\/?post_type=product&#038;p=5761"},"modified":"2022-10-18T22:14:50","modified_gmt":"2022-10-18T22:14:50","slug":"caneca-meowth","status":"publish","type":"product","link":"https:\/\/graficaartealegria.com\/?product=caneca-meowth","title":{"rendered":"CANECA MEOWTH"},"content":{"rendered":"<blockquote>\n<p style=\"text-align: center;\" align=\"center\"><strong><em>Caneca personalizada, s\u00e9rie POK\u00c9MON<br \/>\n<!--more--><\/em><\/strong><\/p>\n<p>Uma das s\u00e9ries que mais fizeram sucesso nos anos 90 POK\u00c9MON encantou varias gera\u00e7\u00f5es.<\/p>\n<p><strong>Informa\u00e7\u00f5es T\u00e9cnicas do produto:<\/strong><\/p>\n<p><strong>Tipo de Material:<\/strong> Cer\u00e2mica<\/p>\n<p><strong>Altura: <\/strong>9,6 cm<\/p>\n<p><strong>Di\u00e2metro: <\/strong>8 cm<\/p>\n<p><b>\u00c1rea de Impress\u00e3o: <\/b>196 cm\u00b2<\/p>\n<p><strong>Personagem:\u00a0<\/strong>Meowth<\/p>\n<p><span style=\"color: #ff0000;\"><strong>Cuidados com o protuto:<\/strong><\/span><\/p>\n<ol>\n<li>Quando lavar n\u00e3o utilizar esponja que possa riscar sua caneca, d\u00ea prefer\u00eancia a esponjas macias e detergente neutro.<\/li>\n<li>N\u00e3o bater.<\/li>\n<li>N\u00e3o derrubar.<\/li>\n<li>N\u00e3o raspe com objetos afiados.<\/li>\n<li>Evite o uso excessivo do micro-ondas.<\/li>\n<li>N\u00e3o usar m\u00e1quina de lavar lou\u00e7as.<\/li>\n<\/ol>\n<\/blockquote>\n","protected":false},"excerpt":{"rendered":"<p><strong><em>Caneca personalizada POK\u00c9MON: <\/em><\/strong>Criada por Satoshi Tajiri em 1995, POK\u00c9MON encantou e encanta crian\u00e7as no mundo todo. A hist\u00f3ria \u00e9 centrada em criaturas extraordin\u00e1rias que s\u00e3o capturadas pelos humanos que os treinam para lutarem entre si.<\/p>\n","protected":false},"featured_media":5762,"comment_status":"open","ping_status":"closed","template":"","meta":{"_monsterinsights_skip_tracking":false,"_monsterinsights_sitenote_active":false,"_monsterinsights_sitenote_note":"","_monsterinsights_sitenote_category":0},"product_cat":[457,458],"product_tag":[485,484,478,486,470,459,483,477,469,506,466,514,465,512,475,496,518,500,516,504,488,494,522,471,467,492,460,468,481,510,479,520,502,508,473,490,498,507,515,513,476,497,519,501,517,505,489,495,523,472,487,493,482,462,511,480],"class_list":{"0":"post-5761","1":"product","2":"type-product","3":"status-publish","4":"has-post-thumbnail","6":"product_cat-canecas","7":"product_cat-pokemon","8":"product_tag-ash","9":"product_tag-ash-ketchum","10":"product_tag-blastoise","11":"product_tag-brock","12":"product_tag-butterfree","13":"product_tag-caneca","14":"product_tag-caneca-ash-ketchum-e-amigos","15":"product_tag-caneca-blastoise","16":"product_tag-caneca-butterfree","17":"product_tag-caneca-caterpie","18":"product_tag-caneca-charmander","19":"product_tag-caneca-charmeleon","20":"product_tag-caneca-de-ceramica","21":"product_tag-caneca-dragonite","22":"product_tag-caneca-dugtrio","23":"product_tag-caneca-equipe-rocket","24":"product_tag-caneca-gengar","25":"product_tag-caneca-geodude","26":"product_tag-caneca-gyarados","27":"product_tag-caneca-haunter","28":"product_tag-caneca-machamp","29":"product_tag-caneca-machop","30":"product_tag-caneca-meowth","31":"product_tag-caneca-mew","32":"product_tag-caneca-mr-mime","33":"product_tag-caneca-onix","34":"product_tag-caneca-personalizada","35":"product_tag-caneca-personalizada-pokemon","36":"product_tag-caneca-pidgey","37":"product_tag-caneca-psyduck","38":"product_tag-caneca-raichu","39":"product_tag-caneca-snorlax","40":"product_tag-caneca-tangela","41":"product_tag-caneca-togepi","42":"product_tag-caneca-venonat","43":"product_tag-caneca-wartortle","44":"product_tag-caneca-weezing","45":"product_tag-caterpie","46":"product_tag-charmeleon","47":"product_tag-dragonite","48":"product_tag-dugtrio","49":"product_tag-equipe-rocket","50":"product_tag-gengar","51":"product_tag-geodude","52":"product_tag-gyarados","53":"product_tag-haunter","54":"product_tag-machamp","55":"product_tag-machop","56":"product_tag-meowth","57":"product_tag-mew","58":"product_tag-misty","59":"product_tag-onix","60":"product_tag-pidgey","61":"product_tag-pokemon","62":"product_tag-psyduck","63":"product_tag-raichu","65":"first","66":"onbackorder","67":"taxable","68":"shipping-taxable","69":"purchasable","70":"product-type-simple","71":"col-xs-6 col-sm-4","72":"col-mf-5","73":"un-5-cols"},"aioseo_notices":[],"jetpack_sharing_enabled":true,"_links":{"self":[{"href":"https:\/\/graficaartealegria.com\/index.php?rest_route=\/wp\/v2\/product\/5761","targetHints":{"allow":["GET"]}}],"collection":[{"href":"https:\/\/graficaartealegria.com\/index.php?rest_route=\/wp\/v2\/product"}],"about":[{"href":"https:\/\/graficaartealegria.com\/index.php?rest_route=\/wp\/v2\/types\/product"}],"replies":[{"embeddable":true,"href":"https:\/\/graficaartealegria.com\/index.php?rest_route=%2Fwp%2Fv2%2Fcomments&post=5761"}],"wp:featuredmedia":[{"embeddable":true,"href":"https:\/\/graficaartealegria.com\/index.php?rest_route=\/wp\/v2\/media\/5762"}],"wp:attachment":[{"href":"https:\/\/graficaartealegria.com\/index.php?rest_route=%2Fwp%2Fv2%2Fmedia&parent=5761"}],"wp:term":[{"taxonomy":"product_cat","embeddable":true,"href":"https:\/\/graficaartealegria.com\/index.php?rest_route=%2Fwp%2Fv2%2Fproduct_cat&post=5761"},{"taxonomy":"product_tag","embeddable":true,"href":"https:\/\/graficaartealegria.com\/index.php?rest_route=%2Fwp%2Fv2%2Fproduct_tag&post=5761"}],"curies":[{"name":"wp","href":"https:\/\/api.w.org\/{rel}","templated":true}]}}