{"id":5770,"date":"2022-10-18T22:27:01","date_gmt":"2022-10-18T22:27:01","guid":{"rendered":"https:\/\/graficaartealegria.com\/?post_type=product&#038;p=5770"},"modified":"2022-10-18T22:28:20","modified_gmt":"2022-10-18T22:28:20","slug":"caneca-charizard","status":"publish","type":"product","link":"https:\/\/graficaartealegria.com\/?product=caneca-charizard","title":{"rendered":"CANECA CHARIZARD"},"content":{"rendered":"<blockquote>\n<p style=\"text-align: center;\" align=\"center\"><strong><em>Caneca personalizada, s\u00e9rie POK\u00c9MON<br \/>\n<!--more--><\/em><\/strong><\/p>\n<p>Uma das s\u00e9ries que mais fizeram sucesso nos anos 90 POK\u00c9MON encantou varias gera\u00e7\u00f5es.<\/p>\n<p><strong>Informa\u00e7\u00f5es T\u00e9cnicas do produto:<\/strong><\/p>\n<p><strong>Tipo de Material:<\/strong> Cer\u00e2mica<\/p>\n<p><strong>Altura: <\/strong>9,6 cm<\/p>\n<p><strong>Di\u00e2metro: <\/strong>8 cm<\/p>\n<p><b>\u00c1rea de Impress\u00e3o: <\/b>196 cm\u00b2<\/p>\n<p><strong>Personagem:\u00a0<\/strong>Charizard<\/p>\n<p><span style=\"color: #ff0000;\"><strong>Cuidados com o protuto:<\/strong><\/span><\/p>\n<ol>\n<li>Quando lavar n\u00e3o utilizar esponja que possa riscar sua caneca, d\u00ea prefer\u00eancia a esponjas macias e detergente neutro.<\/li>\n<li>N\u00e3o bater.<\/li>\n<li>N\u00e3o derrubar.<\/li>\n<li>N\u00e3o raspe com objetos afiados.<\/li>\n<li>Evite o uso excessivo do micro-ondas.<\/li>\n<li>N\u00e3o usar m\u00e1quina de lavar lou\u00e7as.<\/li>\n<\/ol>\n<\/blockquote>\n","protected":false},"excerpt":{"rendered":"<p><strong><em>Caneca personalizada POK\u00c9MON: <\/em><\/strong>Criada por Satoshi Tajiri em 1995, POK\u00c9MON encantou e encanta crian\u00e7as no mundo todo. A hist\u00f3ria \u00e9 centrada em criaturas extraordin\u00e1rias que s\u00e3o capturadas pelos humanos que os treinam para lutarem entre si.<\/p>\n","protected":false},"featured_media":5771,"comment_status":"open","ping_status":"closed","template":"","meta":{"_monsterinsights_skip_tracking":false,"_monsterinsights_sitenote_active":false,"_monsterinsights_sitenote_note":"","_monsterinsights_sitenote_category":0},"product_cat":[457,458],"product_tag":[527,485,484,478,486,470,459,526,483,477,469,506,530,466,514,465,512,475,528,496,518,500,516,504,488,494,522,471,524,467,492,460,468,481,510,479,520,502,508,473,490,498,507,531,515,513,476,529,497,519,501,517,505,489,495,523,472,525,487,493,482,462,511,480],"class_list":{"0":"post-5770","1":"product","2":"type-product","3":"status-publish","4":"has-post-thumbnail","6":"product_cat-canecas","7":"product_cat-pokemon","8":"product_tag-arbok","9":"product_tag-ash","10":"product_tag-ash-ketchum","11":"product_tag-blastoise","12":"product_tag-brock","13":"product_tag-butterfree","14":"product_tag-caneca","15":"product_tag-caneca-arbok","16":"product_tag-caneca-ash-ketchum-e-amigos","17":"product_tag-caneca-blastoise","18":"product_tag-caneca-butterfree","19":"product_tag-caneca-caterpie","20":"product_tag-caneca-charizard","21":"product_tag-caneca-charmander","22":"product_tag-caneca-charmeleon","23":"product_tag-caneca-de-ceramica","24":"product_tag-caneca-dragonite","25":"product_tag-caneca-dugtrio","26":"product_tag-caneca-eevee","27":"product_tag-caneca-equipe-rocket","28":"product_tag-caneca-gengar","29":"product_tag-caneca-geodude","30":"product_tag-caneca-gyarados","31":"product_tag-caneca-haunter","32":"product_tag-caneca-machamp","33":"product_tag-caneca-machop","34":"product_tag-caneca-meowth","35":"product_tag-caneca-mew","36":"product_tag-caneca-mewtwo","37":"product_tag-caneca-mr-mime","38":"product_tag-caneca-onix","39":"product_tag-caneca-personalizada","40":"product_tag-caneca-personalizada-pokemon","41":"product_tag-caneca-pidgey","42":"product_tag-caneca-psyduck","43":"product_tag-caneca-raichu","44":"product_tag-caneca-snorlax","45":"product_tag-caneca-tangela","46":"product_tag-caneca-togepi","47":"product_tag-caneca-venonat","48":"product_tag-caneca-wartortle","49":"product_tag-caneca-weezing","50":"product_tag-caterpie","51":"product_tag-charizard","52":"product_tag-charmeleon","53":"product_tag-dragonite","54":"product_tag-dugtrio","55":"product_tag-eevee","56":"product_tag-equipe-rocket","57":"product_tag-gengar","58":"product_tag-geodude","59":"product_tag-gyarados","60":"product_tag-haunter","61":"product_tag-machamp","62":"product_tag-machop","63":"product_tag-meowth","64":"product_tag-mew","65":"product_tag-mewtwo","66":"product_tag-misty","67":"product_tag-onix","68":"product_tag-pidgey","69":"product_tag-pokemon","70":"product_tag-psyduck","71":"product_tag-raichu","73":"first","74":"onbackorder","75":"taxable","76":"shipping-taxable","77":"purchasable","78":"product-type-simple","79":"col-xs-6 col-sm-4","80":"col-mf-5","81":"un-5-cols"},"aioseo_notices":[],"jetpack_sharing_enabled":true,"_links":{"self":[{"href":"https:\/\/graficaartealegria.com\/index.php?rest_route=\/wp\/v2\/product\/5770","targetHints":{"allow":["GET"]}}],"collection":[{"href":"https:\/\/graficaartealegria.com\/index.php?rest_route=\/wp\/v2\/product"}],"about":[{"href":"https:\/\/graficaartealegria.com\/index.php?rest_route=\/wp\/v2\/types\/product"}],"replies":[{"embeddable":true,"href":"https:\/\/graficaartealegria.com\/index.php?rest_route=%2Fwp%2Fv2%2Fcomments&post=5770"}],"wp:featuredmedia":[{"embeddable":true,"href":"https:\/\/graficaartealegria.com\/index.php?rest_route=\/wp\/v2\/media\/5771"}],"wp:attachment":[{"href":"https:\/\/graficaartealegria.com\/index.php?rest_route=%2Fwp%2Fv2%2Fmedia&parent=5770"}],"wp:term":[{"taxonomy":"product_cat","embeddable":true,"href":"https:\/\/graficaartealegria.com\/index.php?rest_route=%2Fwp%2Fv2%2Fproduct_cat&post=5770"},{"taxonomy":"product_tag","embeddable":true,"href":"https:\/\/graficaartealegria.com\/index.php?rest_route=%2Fwp%2Fv2%2Fproduct_tag&post=5770"}],"curies":[{"name":"wp","href":"https:\/\/api.w.org\/{rel}","templated":true}]}}