{"id":6570,"date":"2026-02-22T15:48:47","date_gmt":"2026-02-22T15:48:47","guid":{"rendered":"https:\/\/graficaartealegria.com\/?post_type=product&#038;p=6570"},"modified":"2026-02-22T15:52:24","modified_gmt":"2026-02-22T15:52:24","slug":"cartoes-de-visita-frente","status":"publish","type":"product","link":"https:\/\/graficaartealegria.com\/?product=cartoes-de-visita-frente","title":{"rendered":"CART\u00d5ES DE VISITA &#8211; FRENTE"},"content":{"rendered":"<blockquote>\n<p style=\"text-align: center;\" align=\"center\"><strong><em>Cart\u00f5es de Visita<!--more--><\/em><\/strong><\/p>\n<p>Para ser lembrado, cart\u00e3o de visita \u00e9 a melhor solu\u00e7\u00e3o. Esta \u00e9 sua identidade profissional.<br \/>\n<strong>Informa\u00e7\u00f5es T\u00e9cnicas do produto:<\/strong><\/p>\n<p><strong>Tipo de Material:<\/strong> Couch\u00e9 ou Supremo Metalizado<\/p>\n<p><strong>Gramatura:<\/strong> 250g ou 300g<\/p>\n<p><strong>Quantidade:<\/strong> 250 un, 500 un ou 1000 un<\/p>\n<p><strong>Impress\u00e3o:<\/strong> Frente<\/p>\n<p><strong>Arte:<\/strong> A arte \u00e9 feita de forma personalizada, com o desenho que voc\u00ea desejar.<\/p>\n<p><strong>Tamanho:\u00a0 <\/strong>8,8 x 4,8 cm<\/p>\n<p>PARA MAIS INFORMA\u00c7\u00d5ES SOBRE O PRODUTO,\u00a0 <a href=\"https:\/\/graficaartealegria.com\/?p=5784\"><strong>CLICK AQUI<\/strong><\/a><\/p><\/blockquote>\n","protected":false},"excerpt":{"rendered":"<p><strong><em>Cart\u00f5es de Visita<\/em><\/strong>: s\u00e3o a melhor maneira de se apresentar para um cliente ou um fornecedor. O cart\u00e3o, deve conter o nome da pessoa, logo da empresa, telefone e redes sociais como INSTAGRAM e FACEBOOK. A arte deve remeter ao servi\u00e7o prestado e deve ser claro e objetivo. Para saber mais sobre este prosuto, <strong><a href=\"https:\/\/graficaartealegria.com\/?p=5784\">CLICK AQUI<\/a><\/strong><\/p>\n","protected":false},"featured_media":6284,"comment_status":"open","ping_status":"closed","template":"","meta":{"_monsterinsights_skip_tracking":false,"_monsterinsights_sitenote_active":false,"_monsterinsights_sitenote_note":"","_monsterinsights_sitenote_category":0},"product_cat":[310,16],"product_tag":[51,46,45,50,47,49,53,52,48],"class_list":{"0":"post-6570","1":"product","2":"type-product","3":"status-publish","4":"has-post-thumbnail","6":"product_cat-cartao-de-visita","7":"product_cat-cartoes","8":"product_tag-arte-para-cartao-de-visita","9":"product_tag-cartao","10":"product_tag-cartao-de-visita","11":"product_tag-cartao-de-visita-barato","12":"product_tag-cartao-de-visita-personalizado","13":"product_tag-cartao-de-visita-profissonal","14":"product_tag-cartao-profissional","15":"product_tag-logo-para-cartao-de-visita","16":"product_tag-modelo-de-cartao-de-visita","18":"first","19":"instock","20":"taxable","21":"shipping-taxable","22":"product-type-external","23":"col-xs-6 col-sm-4","24":"col-mf-5","25":"un-5-cols"},"aioseo_notices":[],"jetpack_sharing_enabled":true,"_links":{"self":[{"href":"https:\/\/graficaartealegria.com\/index.php?rest_route=\/wp\/v2\/product\/6570","targetHints":{"allow":["GET"]}}],"collection":[{"href":"https:\/\/graficaartealegria.com\/index.php?rest_route=\/wp\/v2\/product"}],"about":[{"href":"https:\/\/graficaartealegria.com\/index.php?rest_route=\/wp\/v2\/types\/product"}],"replies":[{"embeddable":true,"href":"https:\/\/graficaartealegria.com\/index.php?rest_route=%2Fwp%2Fv2%2Fcomments&post=6570"}],"wp:featuredmedia":[{"embeddable":true,"href":"https:\/\/graficaartealegria.com\/index.php?rest_route=\/wp\/v2\/media\/6284"}],"wp:attachment":[{"href":"https:\/\/graficaartealegria.com\/index.php?rest_route=%2Fwp%2Fv2%2Fmedia&parent=6570"}],"wp:term":[{"taxonomy":"product_cat","embeddable":true,"href":"https:\/\/graficaartealegria.com\/index.php?rest_route=%2Fwp%2Fv2%2Fproduct_cat&post=6570"},{"taxonomy":"product_tag","embeddable":true,"href":"https:\/\/graficaartealegria.com\/index.php?rest_route=%2Fwp%2Fv2%2Fproduct_tag&post=6570"}],"curies":[{"name":"wp","href":"https:\/\/api.w.org\/{rel}","templated":true}]}}